 4*b - 0*b, 2*b = -i. Suppose i*c = c - 45. What is the remainder when c is divided by 12?
9
What is the remainder when 25 is divided by 26/3 - (-2)/6?
7
Suppose j - 11 = -n, -3*j + 16 = -j - n. Let i = -114 + 166. Suppose i = p + p. Calculate the remainder when p is divided by j.
8
Let c = 74 - 53. What is the remainder when c is divided by 13?
8
What is the remainder when 17 is divided by 77/14 + (-1)/2?
2
Let d = 44 + -16. Let b(a) = -a**3 - 6*a**2 - 2*a - 9. Let k be b(-6). Suppose -d = -k*t - 4. What is the remainder when t is divided by 5?
3
Let f = 5 - 3. Suppose 4*t + 4*a - 16 = f*a, t - a = -2. Calculate the remainder when 3 is divided by t.
1
Let n = -1 + 3. Let b = 3 - n. Calculate the remainder when (-10)/30 + (-4)/(-3) is divided by b.
0
Let d = -151 + 302. Let q = d - 87. What is the remainder when q is divided by 17?
13
Let y(v) = -v**2 + 10*v - 10. Let n(p) = -8*p. Let a be n(-1). Calculate the remainder when 83/5 + 2/5 is divided by y(a).
5
Let p = -70 - -126. Suppose h = -3*h + p. Calculate the remainder when 27 is divided by h.
13
Suppose -4*c + 21 = -3. Calculate the remainder when 24 is divided by c.
0
Let p = -20 - -12. Let w = -7 - p. Let c = -2 - -3. What is the remainder when w is divided by c?
0
Let t(p) = -p**3 + 4*p**2 - 2*p - 1. Let m be t(3). What is the remainder when 19 is divided by m/(-3) + 23/3?
5
Suppose -5*j - 4*x = 78, 2*x = j + 3*j + 78. Let p = 38 + j. What is the remainder when 39 is divided by p?
19
Let t be (2 + -8)*-1*-2. Let o = -6 - t. Calculate the remainder when 18 is divided by 28/o + 6/18.
3
Calculate the remainder when 33 is divided by (-3)/(-18)*3 + 46/4.
9
Suppose -32 = -5*o + h, -h - h + 6 = 0. Calculate the remainder when 45 is divided by o.
3
Suppose 2*b + 0*b = 0, 0 = p + 5*b - 25. Suppose 3*m - 4*v = p, 2*v + 35 = -0*m + 3*m. What is the remainder when m is divided by 9?
6
Let r = 7 - 4. Suppose r*o - 38 = y, -o - 5*y - 34 = -4*o. Calculate the remainder when o is divided by 5.
3
Let x(r) = 7*r**2 - r - 1. Let i be (1/3)/(2/18). Calculate the remainder when x(i) is divided by 15.
14
Let j(q) = 21*q**2 + 3*q + 1. Calculate the remainder when 55 is divided by j(-1).
17
Suppose 7*b + 64 = 11*b. What is the remainder when 62 is divided by b?
14
Suppose 5*r - 2*q = 41, 3*q - 15 = -2*r + r. Let w(u) = 3*u**2 - u + 2. Let g be 13/5 - 6/(-15). What is the remainder when w(g) is divided by r?
8
What is the remainder when 22 - (0 + (-1)/1) is divided by 13?
10
Suppose -r + 4*r - 24 = 0. What is the remainder when ((-6)/4)/((-1)/r) is divided by 7?
5
Let c(w) = -w - 8. Let h be c(-9). Let t be h*3*10/6. Suppose 2*u = t*u - 84. What is the remainder when u is divided by 15?
13
Let u = 165 + -12. What is the remainder when u is divided by 39?
36
What is the remainder when 73 is divided by (-8)/(-12) - 86/(-6)?
13
Suppose 0 = 2*i + o - 44, -8*i + 3*i - 5*o = -110. What is the remainder when 41 is divided by i?
19
Let x = -156 + 183. What is the remainder when 185 is divided by x?
23
Let b(m) = -m**2 + 2*m + 31. Let s be b(0). Suppose 0 = -5*z - x + 107, 3*x = 2*z + z - 57. Let t = s - z. Calculate the remainder when 19 is divided by t.
9
Suppose k - 5 - 8 = 0. Calculate the remainder when (-5 + 4 + 51)*(-1)/(-1) is divided by k.
11
Let o(j) = -j**2 + 4*j - 5. Let y be o(5). Calculate the remainder when ((-22)/5)/(1/y) is divided by 15.
14
Suppose 5*y = 2 + 3. Let t(g) = -g + 9. Calculate the remainder when t(8) is divided by y.
0
Let g(x) = -x**3 + 3*x**2 + 6*x. What is the remainder when 15 is divided by g(4)?
7
Let y be ((-10)/15)/((-2)/15). Suppose 5 = 5*i - y. Suppose 5*g - 12 = g. Calculate the remainder when g is divided by i.
1
Suppose 0*f + 300 = 2*f. Calculate the remainder when f/(-3*(-2)/3) is divided by 26.
23
Let w(j) = -4*j - 10. What is the remainder when w(-8) is divided by 14?
8
Suppose 377 + 13 = 5*o. What is the remainder when o is divided by 20?
18
Suppose -5*f = -3*d - 22, -27 = -4*d - 5*f + 2. Suppose -2*a - d + 7 = 0. Calculate the remainder when 11 is divided by a.
2
Suppose 3*c - 2*c = -4*x + 31, 0 = -5*x - 3*c + 30. Let d be (-20)/8*6/(-5). Suppose 5*k = d*k + 34. What is the remainder when k is divided by x?
8
Let l = 7 - -5. Let h(k) = -11*k**2 - 11*k - 20. Let b(z) = -7*z**2 - 7*z - 13. Let i(d) = -8*b(d) + 5*h(d). Calculate the remainder when i(5) is divided by l.
10
Let g(o) = o**2 + 7*o + 4. Suppose 123 = -2*r + r + 2*c, 15 = 3*c. Calculate the remainder when 4/10 - r/5 is divided by g(-8).
11
Let z be (-1 + 2)/1*0. Suppose 3*t + 3*o - 2*o = 29, -t - 3*o - 1 = z. Let d = 2 + 2. What is the remainder when t is divided by d?
3
Suppose -2*g - 2*g = 0. Let l be 1 - (-3 + 0) - g. Suppose l*f = f + 21. What is the remainder when f is divided by 4?
3
Let v(p) be the first derivative of -p**4/4 - 2*p**3 + 7*p**2/2 + p - 3. Let j be v(-7). Let t = j - -1. What is the remainder when 4 is divided by t?
0
Suppose 10*g - 14*g = -216. What is the remainder when g is divided by 19?
16
Suppose 0 = -4*w + 38 - 22. What is the remainder when 23 is divided by w?
3
Suppose 6*p = 7*p + 8. Let s = 11 + p. Calculate the remainder when 8 is divided by s.
2
Suppose 38 = w - 4*b, -4*b = -2*w - 7*b + 120. Let r = -64 + 75. Calculate the remainder when w is divided by r.
10
Let b(k) = -k**2 + 12*k - 10. Calculate the remainder when b(9) is divided by 4/(-16) + (-82)/(-8).
7
Suppose 0 = -5*m - 5*s + 640, -m + 4*s - 116 = -2*m. Suppose -m = -6*i + 2*i. Calculate the remainder when i is divided by 12.
9
Let s(h) = -h + 0*h - 20 + 2*h - 5*h. What is the remainder when 59 is divided by s(-8)?
11
Let r = 16 - 6. Calculate the remainder when r is divided by 7.
3
Let c(n) = -2*n**3 - 19*n**2 + 7*n - 9. Calculate the remainder when 60 is divided by c(-10).
18
Let x = -194 + 281. Calculate the remainder when x is divided by 18.
15
Suppose 0 = 5*j - 2*j - 174. What is the remainder when j is divided by 15?
13
Let r(m) = 2*m + 2. Let u be r(2). Let o = 20 - u. What is the remainder when 55 is divided by o?
13
Let h = 199 + -138. What is the remainder when h is divided by 16?
13
Let g(b) = 2*b + 0 - 5 + 2. Let n be 2/2 - (-7 - -5). Calculate the remainder when g(n) is divided by 2.
1
Suppose 0 = c - 2 - 1. Suppose -c*t + 58 = -0*l - 2*l, 5*l + 73 = 3*t. Let x = t - -11. Calculate the remainder when x is divided by 15.
12
Let j = -23 + 114. Let q = j + -55. Calculate the remainder when q is divided by 13.
10
Let t(j) = -5*j - 1. Let h be t(5). Let b = 79 + h. Calculate the remainder when b is divided by 18.
17
Suppose y - 19 = -3*w, -3 + 66 = 5*y - w. What is the remainder when -1*(-35 + (0 - 2)) is divided by y?
11
Suppose -3*r + 2*i + 265 = i, -r + 3*i + 75 = 0. Calculate the remainder when r is divided by 31.
28
Let k(p) = p + 18. Let o be k(-8). Suppose -2*b + g + 1 = 0, 4*b - g = -b + 7. Suppose -u + b + o = 0. What is the remainder when 22 is divided by u?
10
Let z be (-2)/6 + (-14)/(-6). Calculate the remainder when 17 is divided by (-90)/(-3)*z/6.
7
Suppose -j = 4*j - 40. Suppose -17*u - 60 = -19*u. What is the remainder when u is divided by j?
6
Let u be (4 + -3)/(3/102). Let c = 49 - u. Calculate the remainder when c is divided by 8.
7
Suppose 2*t - 4*l - 22 = 0, 7*t - 31 = 2*t + 2*l. Let o = t - 4. Let j = o + 2. Calculate the remainder when 6 is divided by j.
0
Suppose 0*u - 3*u + 54 = 0. What is the remainder when u is divided by 7?
4
Suppose 0*x + 15 = 3*x. Suppose 0 = 5*r - 0*r - 20. What is the remainder when x is divided by r?
1
Let n(s) = -s + 10. Let q be n(6). Let z = 19 + -10. Let b = z - q. Calculate the remainder when b is divided by 3.
2
Suppose i - 3*h + 2 + 1 = 0, -2*h = 4*i - 58. Let r = -27 - -9. What is the remainder when 3*3/(r/(-44)) is divided by i?
10
Calculate the remainder when 2001/21 - (-2)/(-7) is divided by 32.
31
Suppose -2*p = 3*p. Suppose 5*b + 3 - 53 = p. Calculate the remainder when 28 is divided by b.
8
Calculate the remainder when 17 is divided by (-5)/(-2) + 0 - (-15)/10.
1
Suppose 4*c = 0, 4*f + 11*c - 32 = 12*c. What is the remainder when 45 is divided by f?
5
Let d(z) = 4*z**2 - 2*z. Let f(h) = h + 7. Let w be f(-5). Let s be d(w). Suppose s = -0*p + 4*p. What is the remainder when 4 is divided by p?
1
Let n = 12 + -2. Let k = n - -10. Calculate the remain